u) = 3*u**2 - 5*u**2 - 8*u - f + 16*u + 73*u**3 - 9*u. Is j(3) composite?
False
Suppose 4*y = 3*y + 55. Let q = -7 + y. Suppose 0 = s - 2*l - 149, s = -l + q + 101. Is s a prime number?
True
Is (-854712)/(-15) + 2 - 9/(-45) a prime number?
True
Let p(j) = 181*j**2 - 5*j - 9. Let r be p(-2). Let a = 1122 - r. Is a a prime number?
True
Is (-644224)/(-12) + -4 - 36/108 a prime number?
True
Suppose 31*g + 8*g - 66*g = -1492857. Is g a prime number?
True
Let i(m) = -2*m**3 - 59*m**2 - 30*m - 174. Is i(-35) composite?
True
Suppose 0 = -3*x + 15, 0 = -3*s + 5*x + 2 - 0. Suppose 0 = -s*l + 10236 + 2013. Is l a prime number?
True
Suppose 76724 = -1624*c + 1626*c. Is c a composite number?
True
Suppose 16*h = 5*h + 7*h + 577916. Is h prime?
True
Suppose -5*p - 190984 = -3*u, 3*u + 0*p - p - 190976 = 0. Suppose u + 243783 = 23*s. Is s composite?
False
Let d(m) = m**2 + 4*m + 3329. Is d(-54) prime?
True
Let f(s) = s**3 - 7*s**2 - 2*s + 17. Let y be f(7). Suppose 2*d - 4*h + 4 = 0, -3*d + 24 = -d + y*h. Is ((-295)/(-3))/((16/d)/8) prime?
False
Suppose 3*t - t = -2*d - 2316, 16 = 4*t. Let k = -289 - d. Suppose -334 + k = n + 3*b, n - b - 547 = 0. Is n a prime number?
False
Let t be (0 - 2)/2*(-9 + 1). Let m(r) = 5*r**3 - r**2 + 6*r - 5*r**2 - 6 - 3. Is m(t) a composite number?
True
Let g = -114 - -106. Let p(c) = -219*c + 49. Is p(g) a composite number?
False
Suppose -i = 3*l + 2, 3*l + 24 = -4*i + i. Let n = i - -81. Is (-7014)/(-10) + (n/(-25))/7 a prime number?
True
Let c(b) = b**3 - 9*b**2 - 2*b + 12. Let v be c(9). Is (-1584)/v + 15/((-9)/3) prime?
False
Suppose -2*f - 2*f + 11496 = 0. Let g(q) = q**3 + 23*q**2 - 59*q - 32. Let n be g(-18). Suppose -n = -4*v + f. Is v composite?
False
Let s(f) be the second derivative of -14*f**5/5 - 5*f**4/12 - 22*f**3/3 - f**2/2 + 2*f - 85. Is s(-6) prime?
False
Is (6/(-12))/((-11)/108614) a prime number?
True
Suppose -4*a = 3*g - 135152, -17*a + 15*a + 67574 = 2*g. Is a composite?
False
Let c(x) = 11*x**2 - 8*x + 10. Let z = 121 + -75. Suppose 5*g - 3*h = -62, 4*h = -5*g - 23 - z. Is c(g) prime?
True
Let i be (4/6)/(2/17 + (-1624)/(-2958)). Suppose 3 = 2*f + 1. Is (4501 - 20/5)*f/i a composite number?
True
Let b(o) = -17*o - 4. Let r = -42 + 44. Let l be b(r). Let c = 47 + l. Is c a prime number?
False
Let q(v) = -338*v**2 - 3*v - 4. Let y be q(-3). Suppose -47*h - 30 = -53*h. Is 1 - (y - h/1) a composite number?
True
Let p(c) = 4*c - 15. Let m(j) = j**3 - 8*j**2 + 7*j. Let k be m(7). Let s be p(k). Let h(t) = -351*t - 8. Is h(s) composite?
True
Suppose -l = -2519 + 9247. Let j = -624 + 10294. Let h = l + j. Is h a prime number?
False
Let a(z) = 41*z**3 - 6*z**2 - 19*z + 46. Is a(3) composite?
True
Let l(k) = 11*k**2 - 5. Let j be l(-2). Let m(s) = s**3 + 5*s**2 - 2*s - 4. Let t be m(-5). Is (403/j)/(2/t) a prime number?
True
Suppose 5*r + 0*l - 3*l - 2 = 0, -2 = -r - l. Is ((-9)/9 + (1513 - -1))*r a prime number?
False
Suppose -250*a = -195*a - 1347005. Is a a prime number?
False
Is (7219175/50)/(6/(-12) + 1) prime?
True
Let w be 36/(-54)*((-165)/(-2))/5. Is (167/(-4))/(w/1188) + 2 prime?
False
Let n(l) = -4357*l**3 + 2*l + 2. Let c be n(-2). Let d = c - 19127. Is d prime?
True
Let s = -9264 - -6324. Is 8/32*-4 - s prime?
True
Let q = 10413 + -5150. Is q a composite number?
True
Let p(v) = -v**2 + 4*v + 3. Let t be p(4). Suppose -2*b - 884 = -n, -4*n - t*b - 2356 = -5936. Let i = n - 629. Is i composite?
False
Let q(b) = 1030*b - 9. Let d be 3/6 + (1 - 42/(-4)). Let h be q(d). Let u = h + -8198. Is u composite?
False
Is (-1 - (-16664)/16)*758 a composite number?
True
Suppose 3*d - 6 = 3. Suppose 18 + 0 = 2*q - 2*s, -s = d*q - 7. Is (-163270)/(-70) - q/(-7) prime?
True
Let r(p) = 4*p**2 - 101*p + 6 + 220*p - 110*p. Is r(21) a prime number?
False
Is (-1)/(1050/(-121128525)*((-6)/(-4) - 0)) composite?
False
Suppose -2*m - h = -3*m + 4509, -5*m = 4*h - 22590. Let c = m + -2223. Is c a composite number?
True
Let d(a) = 25*a - 139. Let c be d(6). Suppose -405111 + 39196 = -c*v. Is v prime?
False
Let n(m) = -59*m**2 + m. Let x be n(-1). Suppose 4*k = -g + 95, g = -2*k + 74 + 19. Let w = x + g. Is w a composite number?
False
Suppose 2*k = -242 + 256. Suppose -2*u - 3455 = -k*u. Is u a composite number?
False
Let w(d) = 352*d**2 + 117*d - 1740. Is w(22) a composite number?
True
Suppose -2*j - 5*l + 28198 = 0, -5*j + 531*l + 70495 = 529*l. Is j prime?
False
Suppose 4*b + 4*d = -196, -4*b = 3*d + 201 - 9. Let l = b - -38. Is 1/(((-4)/5)/4)*l composite?
True
Suppose -2*m - 4*v = 262, -5*m = 4*v + 434 + 203. Let b = m - -120. Let p(t) = -34*t + 51. Is p(b) prime?
False
Suppose 13685 - 60687 = -2*v. Is v composite?
True
Suppose 5*t + 5*h = h + 1995694, 4*t + 3*h - 1596554 = 0. Is t composite?
True
Let q be (-8)/(-3)*225/(-6). Let u = -21 - q. Is u a prime number?
True
Let h(x) = 806*x + 54413. Is h(0) prime?
True
Suppose -3*g + y - 22 = 0, 0 = -2*g - 2*g + 5*y - 44. Is 3*4177*((-57)/(-9) + g) a composite number?
False
Let x(f) = -f**3 - 12*f**2 - 9*f + 8. Let b be x(-11). Let s(d) = -d**2 - 16*d - 16. Let q be s(b). Is 326/3 + 4/q a composite number?
False
Suppose -o + i = -4, -20*o = -19*o + 3*i + 12. Suppose -6*a = -3*a - 4*u - 2395, o = -3*u - 3. Is a prime?
True
Let w be (-3 + (6 - 3))/(-2). Suppose w*y + 3*i + 639 = y, 4*y - 2539 = -5*i. Suppose 4*j + 2*m = 846, 3*j + m = -2*m + y. Is j a prime number?
True
Let i be 4019/(-2)*-3*8/6. Let j = i - 2567. Is j a composite number?
False
Suppose -2211*g + 2228*g - 473399 = 0. Is g a composite number?
False
Suppose 3*l - 8686923 = -4*m, 4*l - 5*l + 2895649 = 4*m. Is l composite?
False
Let d(b) = 3*b**2 + 46*b + 50. Let j be d(-14). Is j - (-18)/3 - (-37273)/1 prime?
True
Let u(a) = -72*a - 43. Let t be u(-21). Suppose t = 9*r - 2158. Is r a composite number?
True
Let u(b) = -5*b**3 - 12*b**2 - 5*b + 3. Let y = -45 - -45. Suppose 42 = -7*g - y*g. Is u(g) prime?
False
Let v be 2588/(-10) + -1 + 1/(-5). Let g = -957 - v. Let l = -464 - g. Is l composite?
False
Suppose -6*i + 3*i - 4*a = -217433, 0 = -3*i + 5*a + 217415. Suppose -25411 = 24*y - i. Is y a prime number?
False
Is 1*(-7)/(-63)*619449 + (-14)/21 prime?
False
Let u(j) = 6*j**3 - j + 1. Let a(c) = 3*c**2 + 9*c + 3. Let o be a(-3). Suppose 0 = 3*z - 4*h + 4 + 5, -3*z + o*h = 6. Is u(z) composite?
True
Let t(i) be the second derivative of 301*i**4/12 + 4*i**3/3 - 7*i**2/2 - 9*i + 3. Is t(-6) a prime number?
True
Let b(d) be the third derivative of -35*d**4/6 - 23*d**3/3 - 38*d**2. Is b(-6) a prime number?
False
Is (1108218/39 - ((-306)/(-39) + -8)) + 5 prime?
False
Let c(d) = -15987*d + 10270. Is c(-23) prime?
False
Let s(b) = -443*b + 178*b - 144*b - 20. Is s(-11) composite?
True
Let v be (-2)/(-12) - (-87)/18*1. Suppose 2*n = v*a - 26, -5*a + 3*n + 7 + 17 = 0. Is -16*200/(-18) - a/(-27) composite?
True
Suppose 609 - 601 = 2*c. Suppose c*n + 0*p - 26143 = -p, -3*p - 15 = 0. Is n a composite number?
True
Suppose 3*m = -15, 168*w + 1507161 = 169*w + 2*m. Is w composite?
False
Suppose 16*c = m + 19*c - 2089582, -4*c = -3*m + 6268785. Is m composite?
True
Suppose 8*h - 33918 = -31*h + 29184. Is h a prime number?
False
Let o = -91283 + 296364. Is o a prime number?
True
Suppose -2*b + 6 = 0, 10*b - 41 = -4*i + 7*b. Is 775763/(-172)*i/(-2) composite?
False
Suppose 0 = 5*h + 10, 0 = 4*i + 179*h - 176*h - 369686. Is i a composite number?
True
Let z(p) = -p**3 + 22*p**2 - 44*p - 187. Is z(-32) a composite number?
True
Let l = 162413 - 101007. Is l composite?
True
Suppose 4*c - 710932 = 4*k, 12*c - 3*k + 177757 = 13*c. Is c a prime number?
True
Suppose -4848 = -37*u + 34*u. Let v = u + -165. Is v prime?
True
Is (-4*(-155065)/100)/(62/310) a composite number?
False
Suppose 5*a + 3261524 = 2*s, 65*s - 64*s - a - 1630771 = 0. Is s composite?
False
Suppose -465018 = -22*j + 2069558. Suppose 146*i - 154*i = -j. Is i a composite number?
False
Let o(b) = 6*b**3 + 15*b**2 - 142*b - 16. Is o(27) a prime number?
True
Suppose -85631 + 355506 = p + 4*j, -2*p + 539768 = 5*j. Is p a composite number?
True
Suppose -154*q + 85694561 = 14283067. Is q composite?
False
Let s be ((-2)/9 - (-9700)/72)*-20. Let c = 6763 + s. Is c prime?
True
Let m be 3 - -1 - (-2)/(-1)*-57. Let y = m - 112. Suppose y*i + 213 = 9*i. Is i a prime number?
True
Let x = 34430